{"id":19475,"date":"2020-01-03T10:19:47","date_gmt":"2020-01-03T14:19:47","guid":{"rendered":"https:\/\/montreal-west.ca\/events\/coffee-with-the-mayor-june-25-2020\/"},"modified":"2020-06-04T11:28:47","modified_gmt":"2020-06-04T15:28:47","slug":"coffee-with-the-mayor-june-25-2020","status":"publish","type":"events","link":"https:\/\/montreal-ouest.ca\/fr\/events\/coffee-with-the-mayor-june-25-2020\/","title":{"rendered":"Caf\u00e9 avec le maire &#8211; 25 juin 2020"},"content":{"rendered":"\n<p><span style=\"color: #ff0000;\"><em>Dans le contexte de la pand\u00e9mie, tous les \u00e9v\u00e9nements ont \u00e9t\u00e9 annul\u00e9s jusqu&rsquo;\u00e0 nouvel ordre.<\/em><\/span><\/p>\n<p>Des questions pour le maire? Venez prendre un caf\u00e9 et discuter avec lui lors d&rsquo;une rencontre informelle.<\/p>\n","protected":false},"excerpt":{"rendered":"<p>Dans le contexte de la pand\u00e9mie, tous les \u00e9v\u00e9nements ont \u00e9t\u00e9 annul\u00e9s jusqu&rsquo;\u00e0 nouvel ordre. Des questions pour le maire? Venez prendre un caf\u00e9 et discuter avec lui lors d&rsquo;une rencontre informelle.<\/p>\n","protected":false},"featured_media":0,"menu_order":0,"template":"","event_type":[84],"class_list":["post-19475","events","type-events","status-publish","hentry","event_type-cafe-avec-le-maire"],"better_featured_image":null,"acf":{"event_title":"Caf\u00e9 avec le maire","recurring":false,"event_date":"25-06-2020","event_date_end":"","event_location":"Centre communautaire John A. Simms","event_time":"7:30","event_time_end":"8:30"},"publishpress_future_workflow_manual_trigger":{"enabledWorkflows":[]},"_links":{"self":[{"href":"https:\/\/montreal-ouest.ca\/fr\/wp-json\/wp\/v2\/events\/19475","targetHints":{"allow":["GET"]}}],"collection":[{"href":"https:\/\/montreal-ouest.ca\/fr\/wp-json\/wp\/v2\/events"}],"about":[{"href":"https:\/\/montreal-ouest.ca\/fr\/wp-json\/wp\/v2\/types\/events"}],"wp:attachment":[{"href":"https:\/\/montreal-ouest.ca\/fr\/wp-json\/wp\/v2\/media?parent=19475"}],"wp:term":[{"taxonomy":"event_type","embeddable":true,"href":"https:\/\/montreal-ouest.ca\/fr\/wp-json\/wp\/v2\/event_type?post=19475"}],"curies":[{"name":"wp","href":"https:\/\/api.w.org\/{rel}","templated":true}]}}

Café avec le maire &#8211; 25 juin 2020

<p><span style="color: #ff0000;"><em>Dans le contexte de la pandémie, tous les événements ont été annulés jusqu&rsquo;à nouvel ordre.</em></span></p>
<p>Des questions pour le maire? Venez prendre un café et discuter avec lui lors d&rsquo;une rencontre informelle.</p>

<p>Dans le contexte de la pandémie, tous les événements ont été annulés jusqu&rsquo;à nouvel ordre. Des questions pour le maire? Venez prendre un café et discuter avec lui lors d&rsquo;une rencontre informelle.</p>

Café avec le maire
